488
In base 14, what is cbb1494 + -1?
cbb1493
In base 14, what is 1 - 19c5c92?
-19c5c91
In base 11, what is -2212a0 - 157?
-221447
In base 5, what is -12240431 + -4313?
-12300244
In base 3, what is -12221121201 + -22010201?
-20020202102
In base 8, what is 325567 + -64?
325503
In base 10, what is -4129677 + 3?
-4129674
In base 14, what is -1649ba - 18?
-1649d4
In base 12, what is -58565ab + 2?
-58565a9
In base 15, what is 67e1ba - -2?
67e1bc
In base 15, what is -96ec - 9a3?
-a1a0
In base 7, what is 22262111 + -2?
22262106
In base 4, what is 13121 - -223003303?
223023030
In base 11, what is -2 + -244114a?
-2441151
In base 16, what is 11a + -13fc13?
-13faf9
In base 11, what is 204233 - 2?
204231
In base 13, what is 1049c546 + 3?
1049c549
In base 2, what is 100 - 110100011010101011110100?
-110100011010101011110000
In base 7, what is 60655 + -2562?
55063
In base 11, what is 36215 - -193?
363a8
In base 11, what is 37 + -1082092?
-1082056
In base 2, what is -111 - -10001001001100111101?
10001001001100110110
In base 2, what is 111011001110100101101100 + -111?
111011001110100101100101
In base 6, what is -1535112 + -352?
-1535504
In base 7, what is 4 + -1351253205?
-1351253201
In base 16, what is 809eb75 + 5?
809eb7a
In base 12, what is -64b00 + 203?
-648b9
In base 13, what is -11 + -16047c6?
-1604807
In base 9, what is -206311 - 158?
-206470
In base 12, what is -44898 - -183?
-44715
In base 13, what is 38 + 4316235?
4316270
In base 13, what is 9212c + -cc?
92030
In base 14, what is 33609 + -dc?
3350b
In base 15, what is 1e0 + -16008?
-15d18
In base 14, what is 971 - -8d8?
1469
In base 14, what is 8bad9 + -b?
8bacc
In base 4, what is 332021200 - -12?
332021212
In base 7, what is 56633152 - -150?
56633332
In base 6, what is -322510453 + 5?
-322510444
In base 7, what is 51 + -241115?
-241034
In base 14, what is -ca893 - -3?
-ca890
In base 6, what is 111 - 25522053?
-25521542
In base 5, what is -22110213140 + -3?
-22110213143
In base 4, what is -1 - -1211213032?
1211213031
In base 11, what is 1548 + 2831?
4279
In base 13, what is -2c31b + 2c2?
-2c029
In base 14, what is 7 - a745b?
-a7454
In base 12, what is 172918 - 12?
172906
In base 2, what is 1101010110000100101110011010 - -1?
1101010110000100101110011011
In base 8, what is 360646214 + 1?
360646215
In base 5, what is 10021421 + -113?
10021303
In base 3, what is -111 + 110122020220?
110122020102
In base 8, what is -12263 - 30101?
-42364
In base 9, what is 243 + -11426?
-11173
In base 16, what is -1 - -4291a5e?
4291a5d
In base 8, what is -113 - -1504140?
1504025
In base 13, what is 2 + 488b19?
488b1b
In base 5, what is -1214 + -14144401?
-14201120
In base 4, what is 2 + 203121120313?
203121120321
In base 5, what is -10102312441001 - 0?
-10102312441001
In base 12, what is -1a32 + -80380?
-821b2
In base 6, what is 1 - -1033433525?
1033433530
In base 9, what is -22864 - -3664?
-18200
In base 9, what is 15715 + -1530?
14175
In base 16, what is 7bf241 + -4?
7bf23d
In base 9, what is 164 - -427411?
427575
In base 10, what is -17 + 22515062?
22515045
In base 11, what is 10 + 430741?
430751
In base 11, what is 92a68a7 - 4?
92a68a3
In base 9, what is 4 + -151004578?
-151004574
In base 6, what is -22105 + 3110?
-14555
In base 13, what is -ba44b98 - 0?
-ba44b98
In base 12, what is 93b1b36 - -3?
93b1b39
In base 6, what is 2 + 51443212?
51443214
In base 5, what is 131 - -244032042?
244032223
In base 5, what is 300224443443 + 4?
300224444002
In base 4, what is 23 - 110100101030?
-110100101001
In base 12, what is 2a21 + -b239?
-8418
In base 15, what is 715 + -3201a?
-31805
In base 10, what is 3119473 - -4?
3119477
In base 11, what is -1 - -3117433?
3117432
In base 10, what is -35 + 509230?
509195
In base 12, what is 19 - -255a6?
25603
In base 8, what is -220 + 1124470?
1124250
In base 6, what is -421 - -242351?
241530
In base 16, what is 8596b4 - 5?
8596af
In base 8, what is -3 - 6233435?
-6233440
In base 11, what is -94018 - 0?
-94018
In base 6, what is -5 - -2324424212?
2324424203
In base 8, what is -65 - 4327337?
-4327424
In base 12, what is 590a6 + -94?
59012
In base 7, what is 133 - 13262366?
-13262233
In base 16, what is -19206112 - 5?
-19206117
In base 11, what is 499062 + 758?
49980a
In base 2, what is 0 + -101010101001110110011?
-101010101001110110011
In base 13, what is -31 + 78cb?
789a
In base 13, what is 3ca + -7409?
-700c
In base 12, what is 2041 - -21066?
230a7
In base 11, what is -4a5228 + -54?
-4a5281
In base 8, what is 11573135 + 13?
11573150
In base 7, what is -43536034 - 2?
-43536036
In base 9, what is -3834 + 25670?
21735
In base 16, what is -e2 + -551e?
-5600
In base 5, what is -200412 + 1344?
-144013
In base 3, what is -2 - -210111121212?
210111121210
In base 6, what is 252124135 + 2?
252124141
In base 4, what is 1212211331213 - 2?
1212211331211
In base 2, what is -111011111000 - -111101111111101?
110110100000101
In base 11, what is -a28402 - -41?
-a28371
In base 8, what is -5 - -37525762?
37525755
In base 14, what is 56 - -11c4b?
11ca3
In base 8, what is -2 - -10462217?
10462215
In base 7, what is -263140642 + 15?
-263140624
In base 6, what is 15 - 522441?
-522422
In base 4, what is -133312223 - -302?
-133311321
In base 2, what is 1000000111 - -1010001010010110?
1010010010011101
In base 9, what is 804460 + -1?
804458
In base 13, what is -c7c + 5516?
4567
In base 3, what is 202201 + 122102?
1102010
In base 13, what is -1742b0 - -188?
-174125
In base 4, what is -2221002120 + 32?
-2221002022
In base 6, what is -33255140 + -10?
-33255150
In base 6, what is 2 + -231121350?
-231121344
In base 14, what is 1d6 - 6a4c?
-6856
In base 11, what is -65 + 5a8a167?
5a8a102
In base 16, what is 0 + -1441b89?
-1441b89
In base 13, what is -4 - 8a94a01?
-8a94a05
In base 13, what is -30357 + -26?
-30380
In base 9, what is 7 + 43845354?
43845362
In base 3, what is 0 + 200121221221022222?
200121221221022222
In base 12, what is -42020 - 34?
-42054
In base 16, what is -5dd38 + 77?
-5dcc1
In base 6, what is -14 + 225304203?
225304145
In base 6, what is 1320153 + 5102?
1325255
In base 5, what is -222201 + 1412110?
1134404
In base 2, what is -1 - 10110011000110110010010?
-10110011000110110010011
In base 15, what is e5e9 + d?
e607
In base 13, what is 5 - b404467?
-b404462
In base 11, what is -89720 - -8?
-89713
In base 10, what is 489 - 112389?
-111900
In base 13, what is -2b + 123889?
12385b
In base 15, what is 113d18 + -4e?
113cb9
In base 5, what is 2401 + -432031?
-424130
In base 2, what is 1 + 1011000111000101011?
1011000111000101100
In base 12, what is -6435b - 99?
-64438
In base 8, what is 215065 + -1244?
213621
In base 14, what is -ca2 + -a6604?
-a74a6
In base 3, what is -1002212222212110 - 11?
-1002212222212121
In base 10, what is 4988 + 15396?
20384
In base 8, what is -1360 + 5611?
4231
In base 2, what is 1100000101100111000001 + 101?
1100000101100111000110
In base 12, what is a0b + -705?
306
In base 11, what is 12 + -15aa51?
-15aa3a
In base 15, what is 3 + 4d1035?
4d1038
In base 7, what is -5401223 - -113?
-5401110
In base 15, what is 8e7 + 12a5?
1b9c
In base 7, what is 32206556 + 4?
32206563
In base 9, what is -18185 - 1252?
-20447
In base 14, what is -1185 + b2?
-10b3
In base 7, what is -200 - 550613?
-551113
In base 4, what is -12003101231130 - 2?
-12003101231132
In base 15, what is 97 + -7ea3?
-7e0b
In base 14, what is 3cd89a + -5?
3cd895
In base 16, what is -99df0 + -a1?
-99e91
In base 11, what is -2414 + -283?
-2697
In base 11, what is -29 - -179469a?
1794671
In base 11, what is 1519 + 284a0a?
286428
In base 7, what is 2053032 - -2?
2053034
In base 11, what is 3895 - -1478?
5262
In base 15, what is -19768 - -1?
-19767
In base 12, what is 3b725a8 - 1?
3b725a7
In base 2, what is -11110000000 + -1110011100111?
-10010001100111
In base 6, what is -2 + -550105522?
-550105524
In base 10, what is -457967 - -1?
-457966
In base 3, what is 1001221 - -102201210?
110210201
In base 8, what is -4342261565 - -4?
-4342261561
In base 4, what is -33 + 2002330221111?
2002330221012
In base 5, what is 214413213 + 1?
214413214
In base 5, what is -2021140024 - 2?
-2021140031
In base 11, what is 1aa11115 - 4?
1aa11111
In base 2, what is -11011111010101001001011110110 - 100?
-11011111010101001001011111010
In base 13, what is 4 - 2